*p - 1338. Calculate s(-7).
-155
Let u(n) = -912*n**2 + 2275437*n + 7479. Determine u(2495).
-6
Let o(u) = -11*u**3 + 282*u**2 - 169*u - 167. What is o(25)?
-17
Let g(p) = p**3 - 35*p**2 + 209*p + 45. Give g(8).
-11
Let m(g) = g**2 - 363*g - 72448. Give m(-142).
-738
Let u(z) = 9*z**3 + 135*z**2 + 139*z + 2015. Calculate u(-15).
-70
Let f(w) = w**3 + 52*w**2 - 306*w - 4615. What is f(-56)?
-23
Let y(g) = -33*g**3 + 9999*g**2 + 6*g - 1836. Calculate y(303).
-18
Let f(y) = 375*y - 35241. What is f(82)?
-4491
Let z(d) = -6*d**2 + 5231*d - 20880. Give z(4).
-52
Let l(d) = -1703*d + 126236. Calculate l(74).
214
Let g(o) = 701*o - 11188. Give g(21).
3533
Let o(f) = 32481*f + 10751215. What is o(-331)?
4
Let l(j) = -j**3 - 178*j**2 + 4377*j - 4607. Calculate l(-200).
-7
Let c(u) = 234*u**3 + 1875*u**2 + 32*u + 60. Give c(-8).
-4
Let x(q) = 13*q**3 - 2926*q**2 + 224*q + 306. Give x(225).
81
Let p(j) = -12*j**2 - 1755*j + 13441. Give p(-154).
-881
Let b(i) = i**2 + 435*i + 29035. Determine b(-83).
-181
Let g(u) = -u**3 - 77*u**2 - 5243*u - 314896. Give g(-68).
12
Let n(f) = -383517*f - 8437369. Give n(-22).
5
Let f(p) = -p**3 + 476*p**2 + 9918*p - 29. Give f(-20).
11
Let s(c) = 801*c - 6396. What is s(8)?
12
Let u(x) = -9*x**3 + 20*x**2 - 16*x + 10. Give u(1).
5
Let n(w) = 51*w**2 - 9288*w + 1098. Give n(182).
6
Let i(l) = 5454*l - 409053. Give i(75).
-3
Let d(s) = 4631*s + 1166970. Calculate d(-252).
-42
Let x(p) = 2*p**3 - 512*p**2 - 520*p + 1518. Determine x(257).
-24
Let k(v) = v**3 - 490*v**2 + 11180*v + 23. Determine k(24).
-73
Let v(j) = -156*j + 2634. Give v(11).
918
Let d(b) = -47*b**3 + 14*b**2 + 177*b - 1. Calculate d(0).
-1
Let j(v) = -9614*v + 2682305. Give j(279).
-1
Let t(m) = m**3 + 38*m**2 + 206*m - 2076. Calculate t(-28).
-4
Let l(v) = v**2 + 496*v + 51490. Determine l(-148).
-14
Let t(x) = 84*x**2 + 1364*x + 4105. Determine t(-4).
-7
Let f(k) = 40*k**2 - 266*k + 1038. Give f(4).
614
Let h(q) = q**2 - 74*q - 19305. What is h(174)?
-1905
Let u(w) = 1553*w**3 + 291*w**2 - 279*w - 13. What is u(1)?
1552
Let h(w) = w**3 - 188*w**2 - 522*w + 61976. What is h(189)?
-961
Let v(i) = i**2 - 185*i + 925. Calculate v(5).
25
Let z(y) = -y**3 + 4*y**2 - 2749*y + 34076. Calculate z(12).
-64
Let q(n) = 2405*n - 45844. Determine q(19).
-149
Let k(z) = -714*z**2 - 5. Determine k(-1).
-719
Let m(u) = 21*u**3 + 137*u**2 + 113*u + 3. Give m(-1).
6
Let b(u) = u**3 + 24*u**2 - 7*u + 53. Calculate b(-20).
1793
Let l(f) = 176643*f + 4592759. Determine l(-26).
41
Let o(h) = 282*h - 24460. Determine o(109).
6278
Let z(s) = -4532*s + 80604. What is z(18)?
-972
Let v(c) = 57*c - 3185. What is v(56)?
7
Let n(h) = h**2 - 8763*h + 96269. What is n(11)?
-3
Let s(j) = -892916*j - 21429980. Give s(-24).
4
Let r(x) = 53894*x + 215111. What is r(-4)?
-465
Let a(n) = -218247*n - 3928441. What is a(-18)?
5
Let y(q) = -q**3 + 42*q**2 - 417*q + 1701. Give y(30).
-9
Let l(m) = -42397*m - 2247048. What is l(-53)?
-7
Let a(p) = -219*p + 5543. What is a(24)?
287
Let a(p) = 30742*p - 30887. Determine a(1).
-145
Let p(m) = 2*m**2 - 9533*m + 133118. Determine p(14).
48
Let w(p) = -23*p + 1610. What is w(55)?
345
Let z(m) = 2*m**3 + 168*m**2 - 816*m - 54904. Give z(-85).
6
Let i(x) = 10601*x - 21241. Determine i(2).
-39
Let d(k) = 3*k**3 + 2*k**2 + 2*k + 80. Give d(-8).
-1344
Let p(c) = 1077*c**2 - 352181*c + 642. Determine p(327).
-12
Let x(p) = -3*p**3 + 10*p**2 + 2*p - 43. Determine x(8).
-923
Let y(x) = -756*x - 20261. Calculate y(-19).
-5897
Let y(q) = q**2 - 1924*q + 7686. Determine y(4).
6
Let u(r) = -20*r**3 + 4414*r**2 + 1301*r + 5522. Determine u(221).
-3
Let v(u) = 781*u - 45226. Determine v(58).
72
Let u(l) = -50*l + 1897. Determine u(71).
-1653
Let a(f) = 3*f**3 + 79*f**2 - 782*f - 10. What is a(-34)?
-10
Let r(h) = 14291*h - 500201. Give r(35).
-16
Let j(d) = 4*d**2 + d - 18870. Give j(-69).
105
Let j(m) = -m**2 - 4351*m - 491186. What is j(-116)?
74
Let g(h) = -h**2 - 3725*h + 33599. Determine g(9).
-7
Let g(s) = -14*s**3 + 16*s**2 + 43*s - 13. What is g(3)?
-118
Let p(y) = 2*y**3 + 251*y**2 - 93149*y - 167. Give p(162).
-5
Let t(j) = j**3 + 34*j**2 + 215*j + 233. What is t(-29)?
-1797
Let k(h) = 960*h - 44798. Determine k(49).
2242
Let i(f) = 937*f - 74000. What is i(79)?
23
Let a(f) = -412*f - 9640. Determine a(-12).
-4696
Let u(d) = 4875*d + 287644. Calculate u(-59).
19
Let a(r) = 978*r + 2903. Calculate a(-4).
-1009
Let r(k) = -485*k**2 - 32513*k - 1207. Calculate r(-67).
-1
Let m(h) = h**2 - 51*h - 240. What is m(51)?
-240
Let q(m) = 21*m**2 + 3761*m - 3425. Give q(-180).
-5
Let k(o) = 1335*o + 28026. Determine k(-21).
-9
Let p(w) = 3*w**3 + 12*w**2 - 132594*w - 530400. Calculate p(-4).
-24
Let c(i) = -36*i**2 + 4602*i + 439. Give c(128).
-329
Let o(t) = -15868*t + 79350. Determine o(5).
10
Let r(d) = 25*d**3 + 99*d**2 + 346*d + 300. What is r(-2)?
-196
Let t(q) = 2*q**2 + 725*q + 37974. Calculate t(-299).
1
Let y(c) = 2*c**3 - 13570*c**2 - 13569*c. Determine y(-1).
-3
Let z(r) = -92767*r - 1113270. What is z(-12)?
-66
Let d(g) = -65*g**3 - 260*g**2 + 325*g + 1292. What is d(-4)?
-8
Let m(a) = 2*a**2 + 51*a - 794. Calculate m(-44).
834
Let y(d) = 180*d**3 + 4*d**2 - 2162*d - 2166. Calculate y(-1).
-180
Let t(d) = d**3 + 98*d**2 - 363*d - 2004. Determine t(-101).
4056
Let u(j) = 273*j - 28853. Determine u(106).
85
Let x(g) = 2*g**3 - 136*g**2 + 101*g + 2287. Give x(67).
76
Let w(o) = o**2 + 397*o - 26484. Calculate w(58).
-94
Let x(d) = 408*d - 22989. Calculate x(61).
1899
Let d(n) = -n**2 + 63*n - 677. Give d(51).
-65
Let t(c) = 18*c**2 - 652*c + 3359. Calculate t(30).
-1
Let f(b) = 2*b**2 - 37*b - 50853. Give f(169).
16
Let g(d) = 1313*d - 9470. Give g(7).
-279
Let p(n) = -6181*n + 142342. Determine p(23).
179
Let w(u) = 50*u + 8460. Calculate w(-174).
-240
Let i(x) = x**2 - 67*x + 512. Calculate i(57).
-58
Let t(l) = l**3 - 34*l**2 + 45*l + 203. Calculate t(-5).
-997
Let m(s) = 45*s + 1617. Give m(-38).
-93
Let x(d) = -6*d**3 - 52*d**2 - 26*d + 332. Determine x(-8).
284
Let o(d) = -3881*d - 318360. Give o(-82).
-118
Let b(s) = -s**3 + 19*s**2 - 1118*s + 19815. Calculate b(18).
15
Let u(q) = q**2 - 355*q + 31564. Calculate u(177).
58
Let a(d) = 2*d**3 - 134*d**2 + 3499*d - 234435. What is a(67)?
-2
Let q(d) = 1352*d + 2402529. What is q(-1777)?
25
Let i(l) = -5*l**3 - 133*l**2 - 90*l - 143. Give i(-26).
169
Let s(r) = r**2 + 205*r - 2137. Determine s(10).
13
Let n(q) = 17*q**3 + 127*q**2 + 138*q + 9. Calculate n(-6).
81
Let m(w) = 5*w**3 - 60*w**2 - 4318*w - 72. Give m(36).
0
Let k(m) = 2*m**2 + 989*m + 24800. Give k(-468).
-4
Let i(y) = -4*y**2 - 37*y - 114. Give i(-5).
-29
Let l(p) = 4*p**3 - 87*p**2 + 127*p - 3294. Determine l(22).
-16
Let q(w) = -3*w**2 - 483*w - 4503. Determine q(-10).
27
Let a(q) = -51*q**3 + 364*q**2 + 11*q - 5. Calculate a(7).
415
Let v(a) = 217258*a - 2172566. What is v(10)?
14
Let s(j) = -21*j - 5029. Calculate s(-148).
-1921
Let m(z) = 436*z - 6530. What is m(18)?
1318
Let w(g) = 5915*g - 11876. What is w(2)?
-46
Let g(p) = 3*p**2 + 375*p - 1442. Give g(4).
106
Let i(p) = p**3 - 145*p**2 - 145*p + 994. Give i(146).
1140
Let n(t) = 4077*t + 1129234. Determine n(-277).
-95
Let h(j) = -j**3 + j**2 + 167*j + 434. Calculate h(-10).
-136
Let j(x) = -7*x**2 + 99*x - 2. Determine j(10).
288
Let b(k) = -4*k**3 + 49*k**2 - 108*k - 161. Give b(9).
-80
Let h(s) = 3147*s**2 + 207703*s + 73. Give h(-66).
7
Let g(l) = -2*l**3 + 203*l**2 + 69*l + 170. Give g(102).
-3196
Let s(t) = 40*t - 6849. Determine s(142).
-1169
Let y(o) = -2*o**2 + 153*o - 842. What is y(75)?
-617
Let c(k) = -27*k**3 + 9*k**2 + 70*k - 78. Calculate c(1).
-26
Let t(s) = 86311*s + 1985278. Give t(-23).
125
Let u(q) = -q**3 - 15*q**2 - 33*q + 98. Determine u(-6).
-28
Let v(r) = 4*r**2 - 618*r + 6347. Calculate v(11).
33
Let d(l) = -l**2 - 4889*l + 177120. Determine d(36).
-180
Let w(r) = -r**3 + 164*r**2 - 2369*r + 216. Determine w(148).
68
Let a(p) = -31*p**3 + 25*p**2 + 2363*p - 2387. Determine a(1).
-30
Let l(d) = -2*d**3 - 489*d**2 - 3050*d + 10462. Give l(-238).
-10
Let s(p) = 25*p**2 + 3223*p - 250. What is s(-129)?
8
Let m(g) = g**3 - g**2 + 5*g - 761. Give m(0).
-761
Let l(x) = -887*x**2 - 210213*x + 1491. Calculate l(-237).
69
Let d(z) = z**3 - 6*z**2 - 121889*z + 9